). Suppose -r*z = -7*z + 62. Calculate the remainder when c is divided by z.
29
Suppose 5*d - 3*d = 6. Suppose 0 = -f - 0*f - 5*s + 49, 9 = f - d*s. Suppose -2*z = 2*z - 180. What is the remainder when z is divided by f?
21
Let z(b) = -15 - 3*b**3 + 6*b + 2*b**3 - 9*b**2 + b**3 + b**3. Let v be z(9). Suppose 0 = 5*s - 139 + v. What is the remainder when 57 is divided by s?
17
What is the remainder when 503 - (36/(-198) + (-2)/(-11)) is divided by 63?
62
Let h(s) = -s**2 - 64*s - 378. What is the remainder when 166 is divided by h(-56)?
26
Suppose 3*h + 29 = 3*r - 58, h = -r + 23. Calculate the remainder when r is divided by 16.
10
Let x(j) = 2*j + 18. Let q(c) = 2*c + 17. Let g(k) = -3*q(k) + 2*x(k). Suppose 2*l = -6 - 16. What is the remainder when 27 is divided by g(l)?
6
Suppose -d + 156 = -432. Calculate the remainder when ((-3)/(-6))/(7/d) is divided by 22.
20
What is the remainder when (-90600)/(-175) - 4/(-14) is divided by 104?
102
Let i = -23 - -27. What is the remainder when 13*(i + -3)*1 is divided by 5?
3
Suppose 0 = -v + 6*v - 45. Suppose -70*i + 132 + 148 = 0. Calculate the remainder when v is divided by i.
1
Let n(k) = 6*k - 27. Let z be n(26). Suppose a - 30 = -4*m + 79, z = 4*m + 5*a. What is the remainder when m is divided by 5?
1
Let w(s) = -s**2 - 6*s + 11. Let j be (-4)/(12/9) + -4. Let q be w(j). Suppose q*y = -12 + 60. Calculate the remainder when 35 is divided by y.
11
Let b(m) = -2*m**3 + 5*m**2 + 7*m + 1. What is the remainder when b(-3) is divided by 8?
7
Suppose p + 3*i = -12, -18 = 4*p + 5*i + 2. Suppose d - 34 = -p*d. Let t(l) = 3*l**2. Calculate the remainder when d is divided by t(2).
10
Let w(k) = k**3 + k**2 - 55*k + 20. Suppose -3*g + 6 + 0 = 0. Calculate the remainder when w(7) is divided by g.
1
Let l = 2 + 28. Suppose -3*d + n + 3 = 0, -5*d + 4*d + 5*n + 15 = 0. Suppose -8*h + 936 = -d*h. Calculate the remainder when h is divided by l.
27
What is the remainder when -1 + 147/2 + 87/(-174) is divided by ((-12)/8)/(3/(-76))?
34
Let d(s) = 4*s**2 + 114*s. What is the remainder when 107 is divided by d(-29)?
49
Suppose -9*n + 10*n - 199 = 0. What is the remainder when n is divided by 29?
25
Let t be (-41)/4 - (-4)/16. What is the remainder when 45 is divided by (t + -26)/((-6)/4)?
21
Let x(a) = -11*a - 2. Suppose r + 10 = -r. Let d = 168 - 154. What is the remainder when x(r) is divided by d?
11
What is the remainder when (2881/172)/((-2)/(-24)) is divided by 23?
17
Let t = -49 - -65. Let v(u) = 3*u**3 - u**2 - 3*u - 1. Calculate the remainder when v(3) is divided by t.
14
Suppose -6 = -4*f - 2*h, 5*f - 2*h - 18 = f. Let b be (-11)/3 - (-14)/(-42). Calculate the remainder when f is divided by (-7)/b - (-3)/12.
1
Suppose -2*x + 0 = s - 1, -x - 3 = -3*s. What is the remainder when s/(14/1544) - (-22)/(-77) is divided by 14?
12
Let l = 1011 - 996. What is the remainder when 81 is divided by l?
6
Suppose 133*a = 139*a - 900. Calculate the remainder when 153 is divided by a.
3
Let c be -1 - (-1 - 8 - -2). Let k be ((-1)/2)/(c/60). Let j(h) = -3*h - 5. Calculate the remainder when j(k) is divided by 3.
1
Let x(q) = 3 - 1 + 1 - q**2 - 8*q. Suppose -8*s + 30 = -5*r - 3*s, s = -3*r - 22. Calculate the remainder when x(r) is divided by 6.
4
What is the remainder when (0 + -8)/((-28)/154) is divided by 12?
8
Suppose 2*u - 21 = -z + 4*u, 3*u + 22 = z. Suppose -o - 4*y + 10 = 0, 0 = 4*o - y - z - 38. What is the remainder when o is divided by 8?
6
Suppose 68 = 25*f - 182. What is the remainder when 34 is divided by f?
4
Let d(x) = -3*x - 4. Let f = 4 + -14. Let u = 5 - -96. What is the remainder when u is divided by d(f)?
23
Let j(k) = -2*k**2 + k - 9. Let o be j(0). Let a(h) = -h - 9. Let v be a(o). Suppose v = z - 0*z - 41. Calculate the remainder when z is divided by 14.
13
Suppose -3*l = -l + 6. Let o(a) = -a**3 - 3*a**2 - 4*a - 3. Calculate the remainder when 32 is divided by o(l).
5
Suppose 3*s + 4 = 13. Suppose 0 = s*v - 11 - 28. Let c(n) = n**3 + 4*n**2 - 5*n + 6. What is the remainder when v is divided by c(-5)?
1
Suppose 1 = 2*b - 5. Let f be -1 + 8/(-1 + b). Suppose -o = 5*j - 13, 2*j + f*o = -0*o. What is the remainder when 5 is divided by j?
2
Suppose -9*z = -10*z + 22. Calculate the remainder when 152 is divided by z.
20
Suppose l = -i - 2*l + 24, 0 = 3*i + 2*l - 37. Calculate the remainder when 223 is divided by i.
7
Let m be -2 + -3 + 3 + 5. Let s = 18 + m. What is the remainder when s is divided by 12?
9
Let r = 23 - -34. Suppose 2*t - r = 39. Calculate the remainder when 191 is divided by t.
47
Suppose 3*p - 41 = -2*t, -2*t = -4*p + 2*p + 34. What is the remainder when p/5*244/12 is divided by 32?
29
Let y be (-1081)/(-8) - (-9)/(-72). Suppose 4*c - 345 = -5*j, 2*j = -0*j - c + y. Calculate the remainder when j is divided by 17.
14
Suppose -2*v + 3*l = -26, 6*v - 65 = v - 2*l. Let w(y) = -5*y**2 - 83*y + 57. What is the remainder when w(-17) is divided by v?
10
Let u = -5 - -79. Suppose f = -24 + u. What is the remainder when 98 is divided by f?
48
Suppose 114 = 2*z + z. What is the remainder when z is divided by (-52)/6*(234/12)/(-13)?
12
Let a be 4/(-1 - 2 - (-8 - -3)). Suppose -l = a*l - 81. Calculate the remainder when l is divided by 10.
7
Let v(p) = -24*p + 3. Calculate the remainder when v(-4) is divided by 5.
4
Suppose -166 - 136 = -2*x. Suppose -t = -w + 19, 132*w + 4*t - 26 = 130*w. Calculate the remainder when x is divided by w.
15
Suppose 7*t - 13*t + 12 = 0. Suppose 23 = t*y - 4*d - 23, y = -4*d - 7. Calculate the remainder when ((-2)/2)/(1/(-23)) is divided by y.
10
Suppose 310 = -3*t - 2*t. Suppose -2*j = 2*r - 88, -4*r + 166 = -37*j + 39*j. What is the remainder when r is divided by 3/(-9) - t/6?
9
Let f = -448 - -487. Calculate the remainder when f is divided by 30.
9
Let t(h) = h + 7. Let q be t(-3). Suppose -q*l + 10 = -2*l. What is the remainder when -3*8*4/36*-3 is divided by l?
3
Let o(h) = -2*h**3 - 15*h**2 - 4*h - 26. Suppose -i + 1 = -0. Let r = i + 17. What is the remainder when o(-8) is divided by r?
16
Let p be (4/2*-5)/2. Suppose 3*w - 4*v - 234 = 2, -4*w + 317 = -3*v. Calculate the remainder when w is divided by p + 2 + 5 + 26.
24
Let u(j) = -170*j**3 + j**2. Let r be u(-1). Let a = -102 + r. What is the remainder when a is divided by 35?
34
Suppose 0*p = -4*p + 160. Suppose 0 = 173*y - 181*y + 1568. What is the remainder when y is divided by p?
36
What is the remainder when 47 is divided by (-2*18/(-8))/((-756)/(-4032))?
23
Let d(s) be the first derivative of -4*s**3/3 + s**2/2 - 2*s + 7. Let t be d(2). What is the remainder when (-1)/(-4) + (-236)/t is divided by 9?
6
Let a(s) = 3*s + 11. Let k(d) = -2*d - 6. Let b(n) = 3*a(n) + 5*k(n). What is the remainder when 14 is divided by b(-1)?
2
Suppose -15 = -2*t + 3*r, -2*r + 6 = -0. Suppose 39*p + 4*l = 40*p - 29, -2*l + 2 = 0. What is the remainder when p is divided by t?
9
Suppose -259*x + 265*x - 126 = 0. Calculate the remainder when 117 is divided by x.
12
Let u be -4*-1*(-4)/(-8). Let j be (-2)/(7/u + -4). Suppose j*k - 236 = -0*k. What is the remainder when k is divided by 15?
14
Let h(c) = c**3 - 10*c**2 + 9*c. Let v be h(9). Suppose -2*k = -5*k - 2*t + 96, v = -5*k - 4*t + 158. Calculate the remainder when k is divided by 9.
7
Let a = -28 + 32. Suppose g - 179 = -4*y, -y - 336 = -3*g + 253. Suppose -220 = -4*q - 4*p, -p - g = a*q - 8*q. What is the remainder when q is divided by 13?
11
Let g = -30 + 65. What is the remainder when g is divided by 27?
8
Calculate the remainder when 5/((-5)/(-34))*20/8 is divided by 15.
10
Let z(a) = 19*a - 12. Let b(r) = -r - 2. Let t be b(-7). What is the remainder when z(t) is divided by (-306)/(-11) + (-4)/(-22)?
27
Let p(v) = v**3 - 5*v - 7. Let i be p(3). Suppose -i*m - 16 = -5*n + 174, 3*m - 131 = -4*n. Calculate the remainder when 138 is divided by n.
33
Let y = -237 - -297. Calculate the remainder when y is divided by 11.
5
Suppose 0 = 18*m - 31*m + 728. What is the remainder when m is divided by 20?
16
Suppose x + 0*g + 2*g - 13 = 0, 0 = 4*x - 5*g - 39. What is the remainder when 150 is divided by x?
7
Let o = 3 - -17. What is the remainder when 26 is divided by 5*2/o + 51/6?
8
Suppose -y + 4*y - 209 = -4*z, -4*z - 2*y + 214 = 0. What is the remainder when z is divided by 38?